 9*c - 8. Let o = -5 - -23. What is the remainder when f(y) is divided by o?
12
Suppose r + 5*r - 96 = 0. Suppose -3*a = 2*z - 3, 5*z + 0*a = a + r. Suppose -4*w = -8, z = -l + 2*w + 2*w. Calculate the remainder when 18 is divided by l.
3
What is the remainder when 448 is divided by 468/52*((-5)/(-3) + 0)?
13
Let r(d) = -2*d**2 - 50*d - 7. Let q be r(-22). Let i = q - 101. Calculate the remainder when 67 is divided by i.
19
Suppose -18*h = -22*h - 2*o + 4, -4*o - 16 = 0. Suppose c - 6 = 3*c. Let b(k) = k**3 + 2*k**2 - 4*k + 1. Calculate the remainder when b(c) is divided by h.
1
Suppose 0 = -34*i + 30*i + 188. Let l = 8 + i. What is the remainder when l is divided by 19?
17
Suppose 0 = 2*m - 23 - 15. Suppose 72*s = 70*s + 150. Calculate the remainder when s is divided by m.
18
Calculate the remainder when (520/(-18))/((-18)/81) is divided by 37.
19
Suppose 3*n + d - 36 = 0, 3 - 5 = -n + 3*d. Let b(t) = -t + 22. What is the remainder when b(n) is divided by (-1 + (-2)/(-4))*-12?
5
Let f(n) = 2*n**2 + 6*n - 2. Let k be f(-4). Suppose -16 = 4*p, -5*y = 3*p - k - 67. Let w = 2 - -2. What is the remainder when y is divided by w?
1
Suppose 5*q + 2*j - 135 = 0, 3*j = 3*q + 4*j - 82. Suppose 0*w + 10*w - 150 = 0. Calculate the remainder when q is divided by w.
14
Suppose -16*z + 198 - 6 = 0. What is the remainder when 35 is divided by z?
11
Let y(b) = -3*b - 6. Let a be y(-3). Let j(u) = -1 + 4 - 6 + a*u**2 + 3*u. Calculate the remainder when 63 is divided by j(-4).
30
Suppose -60 = -5*y - d, -3*y + 21*d - 18*d = -18. Calculate the remainder when -3*(50/(-6) - -2) is divided by y.
8
Let x = 141 + -135. Suppose -x*w = -w - 20. Calculate the remainder when 15 is divided by w.
3
Let x = 0 + 2. Suppose x*z - 22 = z. Calculate the remainder when z is divided by 13.
9
Let n = 971 + -912. Calculate the remainder when 223 is divided by n.
46
Suppose 18 = -4*r - 6. What is the remainder when 87 is divided by (5 - 3/r)*(5 - 1)?
21
Let t = -242 + 493. Calculate the remainder when t is divided by 26.
17
Let f(n) = -49*n - 42. Calculate the remainder when 68 is divided by f(-2).
12
Let c = -9 + 10. Let x be 68/8 + c/2. Suppose 3*m - x = 0, -6*m + 7 = -5*k - 2*m. What is the remainder when k is divided by 1?
0
Let m = -111 + 224. Let x(v) = -16*v**2 + 2*v + 3. Let t be x(3). Let c = 164 + t. Calculate the remainder when m is divided by c.
26
Suppose -123 = -n + i, 6*n - 10*n + i + 504 = 0. What is the remainder when 505 is divided by n?
124
Let z be (2 + -1)/((-4)/12). Let b(u) = -u**3 - 2*u**2 - 6*u - 14. What is the remainder when 36 is divided by b(z)?
10
Let a = -83 + 215. Calculate the remainder when 285 is divided by a.
21
Let l(a) = a + 23. Calculate the remainder when l(0) is divided by (((-2)/(-17))/(-1) - 24528/1904)/(-1).
10
Let x(q) = 65*q**2 - 1. Suppose 5*k + 0*v = -2*v - 331, 3*k - 2*v = -189. Let n = k - -82. What is the remainder when x(1) is divided by n?
13
Let q = -34 - -46. Suppose -q = 4*d, 5*k = -4*d + 46 + 17. Calculate the remainder when 237 is divided by k.
12
Suppose 4 = 3*h - 2. Suppose -x = 2, 0 = 5*r + x - h + 4. Suppose r*i - 2*c = -4*i + 150, 5*i - 3*c = 188. Calculate the remainder when i is divided by 19.
18
Suppose 34*b + 132 = 38*b. What is the remainder when 103 is divided by b?
4
What is the remainder when 11 + 353 + 10/(-5) is divided by 33?
32
Let f be 0 - -1 - 2/(-2). Let x be 177 + (-5)/((-30)/18). Suppose 3*i = f*u - 3*u + x, 5*u = 4*i - 259. Calculate the remainder when i is divided by 32.
29
Suppose -131*a + 2492 = -124*a. Calculate the remainder when a is divided by 18.
14
Let k = -114 - -125. Let u(m) = 6 + 7*m**2 - 2 - 4*m**2. Calculate the remainder when u(-3) is divided by k.
9
Suppose -4*i + 46 = 2*j - 48, -j + 62 = 5*i. Calculate the remainder when 479 is divided by j.
35
Let b(z) = -2*z + 1 + 8*z**2 - 6*z**2 + 2*z. Let t be b(-1). Suppose -3*v = 5*c - 107, -t*v = 4*c + 15 - 103. Calculate the remainder when 73 is divided by c.
16
Suppose -3*z = -4*f - 181, 5*z + 179 = 8*z - 2*f. Calculate the remainder when z is divided by 42.
17
Let r = -447 + 469. Calculate the remainder when 567 is divided by r.
17
Let o be (-3)/(-7) - 39/(-7). Suppose -o*u + 8*u = 0. Suppose u = 7*a - 4*a - 126. What is the remainder when a is divided by 9?
6
Let p = -137 + 161. What is the remainder when 68 is divided by p?
20
Let w = -8 + 9. Let a be (-6)/((-1)/6*w). Suppose a = 2*b + b. What is the remainder when 58 is divided by b?
10
Let j = 231 + -177. Suppose 4*v + 39 = 2*p - 5, -v = -5*p + 137. What is the remainder when j is divided by p?
26
Suppose i - 265 = -5*l - 3*i, 4*l - i - 233 = 0. Calculate the remainder when 167 is divided by l.
53
Let i(l) = 5*l + 10. Let v be (-1)/1*(-4 + 2). What is the remainder when i(v) is divided by 8?
4
Suppose -o - o + 5*z + 19 = 0, 4*o - 53 = -5*z. Calculate the remainder when 285 is divided by o.
9
Suppose 7*s = -42 - 238. Let j = s + 63. Calculate the remainder when 44 is divided by j.
21
Let i(f) = f**2 + 9*f - 13. Let o be i(-10). Let m be 16/6*o/(-2). Suppose m*d - 51 = d. What is the remainder when 49 is divided by d?
15
Suppose 21*k = 51*k - 390. What is the remainder when 1329/21 - (-4)/(-14) is divided by k?
11
Let g(q) = -2*q**3 - 4*q**2 - 2*q + 1. Suppose -5*t = -4*t. Suppose -3*h - 15 = t, 3*r + 0*h = -2*h + 134. What is the remainder when r is divided by g(-3)?
23
Suppose -4 = 2*y, -2*x + 3*y - 56 = 26. Let k = x + 84. Calculate the remainder when k is divided by 21.
19
Suppose 9*r = 4*r + f + 24, 0 = -5*r - 3*f + 8. What is the remainder when 91 is divided by 23/(-4 + 1 + r)?
22
Let m = 6 + -6. Suppose 12*i - 15*i = 0. Calculate the remainder when 23 is divided by (i - -4) + 1 + m.
3
Let x = 7 - 3. Suppose 0 = 3*w - x*m - 86, w - 21 = m + 6. Calculate the remainder when w is divided by -72 + 86 + -1 + -5.
6
Let r be (13/(-13))/((-2)/4). Suppose 2*b - 126 = 2*k, 216 = 4*b + 3*k + r*k. What is the remainder when b is divided by 16?
11
Suppose 0 = -q - 3*q + 88. Suppose 10*x - 6*x + 20 = 0. Let o(s) = -s**2 - 8*s - 12. Calculate the remainder when q is divided by o(x).
1
Suppose -4*h = 3*x - 1935, 0 = -5*x - 3*h + 3613 - 377. What is the remainder when x is divided by 31?
29
Suppose -2*s = 2*f - 2, 5*f - 5*s - 31 = f. Suppose 3*v = 4*v - f. Suppose -4*w + 2*p = 3*p - 43, 12 = v*p. What is the remainder when 18 is divided by w?
8
What is the remainder when 5*(414/30 - 9) is divided by 2?
0
Suppose -453 + 29 = 4*j. Suppose -5*u - 7 = k, 0 = -3*k - 2*k - u + 13. What is the remainder when 1/k + j/(-6) is divided by 5?
3
Let w(h) = -h**2 - 15*h + 36. Let c be w(-15). What is the remainder when 116 is divided by -2 + 1592/c - 12/54?
32
Let q be (-2)/1 - 6*8/(-6). Suppose q*w - 2*w - 2*f = 22, -5*f = 4*w - 15. Calculate the remainder when 20 is divided by w.
0
What is the remainder when (-4)/(-26) + ((-1281)/(-39) - -3) is divided by 17?
2
Let u = -7 + 9. Suppose u*z + 1 - 17 = 4*v, 4*v + 6 = -3*z. What is the remainder when ((-690)/20)/(v/4) is divided by 12?
10
Suppose -42 = -5*d + 218. What is the remainder when 201 is divided by d?
45
Suppose 6*x + 109 = 3*n + 4*x, 0 = -2*n - 5*x + 60. Calculate the remainder when 135 is divided by n.
30
Let g(s) = 28*s**2 - 2*s + 35. Calculate the remainder when g(-4) is divided by 38.
35
Let g be 2/(2 + 10/(-4) + 0). What is the remainder when g/(-6) + 2940/18 is divided by 33?
32
Let y(t) = t**2 - 5*t - 5. Let m be y(5). Suppose -5*g - 3 = -4*g. What is the remainder when 5 is divided by (g/(-9))/(m/(-45))?
2
Suppose -4*s - 2*l = -22, 2*s - 18 = -s - 3*l. Suppose -s*p - 19 = -6*p. Calculate the remainder when 75 is divided by p.
18
Suppose 205 = 3*m + a, -m - 9 + 82 = -2*a. Let z = 19 + -20. Calculate the remainder when m is divided by ((-36)/(-20))/(z/(-10)).
15
Suppose -127 + 335 = 2*f. Suppose 4*a - f = 36. What is the remainder when a is divided by 8?
3
Let u = 18 - 13. Suppose -76 = -u*p + 3*g, 5*g + 18 = p + 3*g. What is the remainder when 40 is divided by p?
12
Let c = 3 + -1. Let v(x) = 11*x - x**3 + 8*x - 5*x + c*x**3 - 15*x**2 + 3. Calculate the remainder when v(14) is divided by 1.
0
Suppose -5*f = -4*h + 19, h - 3*f - 31 = -7*f. What is the remainder when 32 is divided by h?
10
Let o(a) = 7*a - 2. Let u be o(12). Suppose 2*x - u = 4. C